{"id":393,"date":"2018-04-20T17:27:18","date_gmt":"2018-04-20T23:27:18","guid":{"rendered":"http:\/\/elblogdefagro.com.mx\/?page_id=393"},"modified":"2018-04-20T17:27:18","modified_gmt":"2018-04-20T23:27:18","slug":"noticias","status":"publish","type":"page","link":"https:\/\/fagro.mx\/blog\/noticias\/","title":{"rendered":"News Feeds"},"content":{"rendered":"<figure><a href=\"\/blog\/#Notifagro\"><img loading=\"lazy\" decoding=\"async\" src=\"http:\/\/blogdefagro.com\/wp-content\/uploads\/2018\/04\/FagronoticiasIcono-750x750.jpg\" sizes=\"auto, (max-width: 750px) 100vw, 750px\" srcset=\"http:\/\/blogdefagro.com\/wp-content\/uploads\/2018\/04\/FagronoticiasIcono-750x750.jpg 750w, http:\/\/blogdefagro.com\/wp-content\/uploads\/2018\/04\/FagronoticiasIcono-150x150.jpg 150w, http:\/\/blogdefagro.com\/wp-content\/uploads\/2018\/04\/FagronoticiasIcono-300x300.jpg 300w, http:\/\/blogdefagro.com\/wp-content\/uploads\/2018\/04\/FagronoticiasIcono-768x768.jpg 768w, http:\/\/blogdefagro.com\/wp-content\/uploads\/2018\/04\/FagronoticiasIcono.jpg 800w\" alt=\"\" width=\"750\" height=\"750\"><\/a><\/figure>\n<p><a href=\"\/blog\/#Notifagro\">Notifagro<\/a><\/p>\n<figure><a href=\"\/blog\/#ComerNac\"><img loading=\"lazy\" decoding=\"async\" src=\"http:\/\/blogdefagro.com\/wp-content\/uploads\/2018\/04\/ComercioAgroNacional-750x750.jpg\" sizes=\"auto, (max-width: 750px) 100vw, 750px\" srcset=\"http:\/\/blogdefagro.com\/wp-content\/uploads\/2018\/04\/ComercioAgroNacional-750x750.jpg 750w, http:\/\/blogdefagro.com\/wp-content\/uploads\/2018\/04\/ComercioAgroNacional-150x150.jpg 150w, http:\/\/blogdefagro.com\/wp-content\/uploads\/2018\/04\/ComercioAgroNacional-300x300.jpg 300w, http:\/\/blogdefagro.com\/wp-content\/uploads\/2018\/04\/ComercioAgroNacional-768x768.jpg 768w, http:\/\/blogdefagro.com\/wp-content\/uploads\/2018\/04\/ComercioAgroNacional.jpg 800w\" alt=\"\" width=\"750\" height=\"750\"><\/a><\/figure>\n<p><a href=\"\/blog\/#ComerNac\">Comercio Agr\u00edcola Nacional<\/a><\/p>\n<figure><a href=\"\/blog\/#Comerinter\"><img loading=\"lazy\" decoding=\"async\" src=\"http:\/\/blogdefagro.com\/wp-content\/uploads\/2018\/04\/ComercioAgroGeneral-750x750.jpg\" sizes=\"auto, (max-width: 750px) 100vw, 750px\" srcset=\"http:\/\/blogdefagro.com\/wp-content\/uploads\/2018\/04\/ComercioAgroGeneral-750x750.jpg 750w, http:\/\/blogdefagro.com\/wp-content\/uploads\/2018\/04\/ComercioAgroGeneral-150x150.jpg 150w, http:\/\/blogdefagro.com\/wp-content\/uploads\/2018\/04\/ComercioAgroGeneral-300x300.jpg 300w, http:\/\/blogdefagro.com\/wp-content\/uploads\/2018\/04\/ComercioAgroGeneral-768x768.jpg 768w, http:\/\/blogdefagro.com\/wp-content\/uploads\/2018\/04\/ComercioAgroGeneral.jpg 800w\" alt=\"\" width=\"750\" height=\"750\"><\/a><\/figure>\n<p><a href=\"\/blog\/#Comerinter\">Comercio Agr\u00edcola Internacional<\/a><\/p>\n<figure><a href=\"\/blog\/#Innovacion\"><img loading=\"lazy\" decoding=\"async\" src=\"http:\/\/blogdefagro.com\/wp-content\/uploads\/2018\/04\/Innovaci\u00f3nAgro-750x750.jpg\" sizes=\"auto, (max-width: 750px) 100vw, 750px\" srcset=\"http:\/\/blogdefagro.com\/wp-content\/uploads\/2018\/04\/Innovaci\u00f3nAgro-750x750.jpg 750w, http:\/\/blogdefagro.com\/wp-content\/uploads\/2018\/04\/Innovaci\u00f3nAgro-150x150.jpg 150w, http:\/\/blogdefagro.com\/wp-content\/uploads\/2018\/04\/Innovaci\u00f3nAgro-300x300.jpg 300w, http:\/\/blogdefagro.com\/wp-content\/uploads\/2018\/04\/Innovaci\u00f3nAgro-768x768.jpg 768w, http:\/\/blogdefagro.com\/wp-content\/uploads\/2018\/04\/Innovaci\u00f3nAgro.jpg 800w\" alt=\"\" width=\"750\" height=\"750\"><\/a><\/figure>\n<p><a href=\"\/blog\/#Innovacion\">Innovaci\u00f3n Agr\u00edcola<\/a><\/p>\n<figure><a href=\"\/blog\/#Notiagro\"><img loading=\"lazy\" decoding=\"async\" src=\"http:\/\/blogdefagro.com\/wp-content\/uploads\/2018\/04\/Notiagro-750x750.jpg\" sizes=\"auto, (max-width: 750px) 100vw, 750px\" srcset=\"http:\/\/blogdefagro.com\/wp-content\/uploads\/2018\/04\/Notiagro-750x750.jpg 750w, http:\/\/blogdefagro.com\/wp-content\/uploads\/2018\/04\/Notiagro-150x150.jpg 150w, http:\/\/blogdefagro.com\/wp-content\/uploads\/2018\/04\/Notiagro-300x300.jpg 300w, http:\/\/blogdefagro.com\/wp-content\/uploads\/2018\/04\/Notiagro-768x768.jpg 768w, http:\/\/blogdefagro.com\/wp-content\/uploads\/2018\/04\/Notiagro.jpg 800w\" alt=\"\" width=\"750\" height=\"750\"><\/a><\/figure>\n<p><a href=\"\/blog\/#Notiagro\">Agronoticias<\/a><\/p>\n<p><img loading=\"lazy\" decoding=\"async\" src=\"http:\/\/blogdefagro.com\/wp-content\/uploads\/2018\/04\/FAGRONOTICIAS-1.jpg\" sizes=\"auto, (max-width: 709px) 100vw, 709px\" srcset=\"http:\/\/blogdefagro.com\/wp-content\/uploads\/2018\/04\/FAGRONOTICIAS-1.jpg 709w, http:\/\/blogdefagro.com\/wp-content\/uploads\/2018\/04\/FAGRONOTICIAS-1-300x63.jpg 300w\" alt=\"\" width=\"709\" height=\"148\"><\/p>\n<p style=\"text-align: center;\"><strong>Categor\u00edas<\/strong><\/p>\n<hr>\n<p style=\"text-align: center;\"><a href=\"\/blog\/#Notifagro\">Notifagro<\/a>&nbsp;|&nbsp;<a href=\"\/blog\/#ComerNac\">Comercio Agr\u00edcola Nacional<\/a>&nbsp;|&nbsp;<a href=\"\/blog\/#Comerinter\">Comercio Agr\u00edcola Internacional<\/a>&nbsp;|&nbsp;<a href=\"\/blog\/#Innovacion\">Innovaci\u00f3n&nbsp; &nbsp;Agr\u00edcola<\/a>&nbsp;|&nbsp;<a href=\"\/blog\/#Notiagro\">Agronoticias<\/a><\/p>\n<hr>\n<p><img loading=\"lazy\" decoding=\"async\" src=\"http:\/\/blogdefagro.com\/wp-content\/uploads\/2018\/04\/COMERCIONACIONAL.jpg\" sizes=\"auto, (max-width: 709px) 100vw, 709px\" srcset=\"http:\/\/blogdefagro.com\/wp-content\/uploads\/2018\/04\/COMERCIONACIONAL.jpg 709w, http:\/\/blogdefagro.com\/wp-content\/uploads\/2018\/04\/COMERCIONACIONAL-300x63.jpg 300w\" alt=\"\" width=\"709\" height=\"148\"><\/p>\n<p style=\"text-align: center;\"><strong>Categor\u00edas<\/strong><\/p>\n<hr>\n<p style=\"text-align: center;\"><a href=\"\/blog\/#Notifagro\">Notifagro<\/a>&nbsp;|&nbsp;<a href=\"\/blog\/#ComerNac\">Comercio Agr\u00edcola Nacional<\/a>&nbsp;|&nbsp;<a href=\"\/blog\/#Comerinter\">Comercio Agr\u00edcola Internacional<\/a>&nbsp;|&nbsp;<a href=\"\/blog\/#Innovacion\">Innovaci\u00f3n&nbsp; &nbsp;Agr\u00edcola<\/a>&nbsp;|&nbsp;<a href=\"\/blog\/#Notiagro\">Agronoticias<\/a><\/p>\n<hr>\n<p><img loading=\"lazy\" decoding=\"async\" src=\"http:\/\/blogdefagro.com\/wp-content\/uploads\/2018\/04\/COMERCIOINTERNACIONAL.jpg\" sizes=\"auto, (max-width: 709px) 100vw, 709px\" srcset=\"http:\/\/blogdefagro.com\/wp-content\/uploads\/2018\/04\/COMERCIOINTERNACIONAL.jpg 709w, http:\/\/blogdefagro.com\/wp-content\/uploads\/2018\/04\/COMERCIOINTERNACIONAL-300x63.jpg 300w\" alt=\"\" width=\"709\" height=\"148\"><\/p>\n<p style=\"text-align: center;\"><strong>Categor\u00edas<\/strong><\/p>\n<hr>\n<p style=\"text-align: center;\"><a href=\"\/blog\/#Notifagro\">Notifagro<\/a>&nbsp;|&nbsp;<a href=\"\/blog\/#ComerNac\">Comercio Agr\u00edcola Nacional<\/a>&nbsp;|&nbsp;<a href=\"\/blog\/#Comerinter\">Comercio Agr\u00edcola Internacional<\/a>&nbsp;|&nbsp;<a href=\"\/blog\/#Innovacion\">Innovaci\u00f3n&nbsp; &nbsp;Agr\u00edcola<\/a>&nbsp;|&nbsp;<a href=\"\/blog\/#Notiagro\">Agronoticias<\/a><\/p>\n<hr>\n<p><img loading=\"lazy\" decoding=\"async\" src=\"http:\/\/blogdefagro.com\/wp-content\/uploads\/2018\/04\/INNOVACI\u00d3N.jpg\" sizes=\"auto, (max-width: 709px) 100vw, 709px\" srcset=\"http:\/\/blogdefagro.com\/wp-content\/uploads\/2018\/04\/INNOVACI\u00d3N.jpg 709w, http:\/\/blogdefagro.com\/wp-content\/uploads\/2018\/04\/INNOVACI\u00d3N-300x63.jpg 300w\" alt=\"\" width=\"709\" height=\"148\"><\/p>\n<p style=\"text-align: center;\"><strong>Categor\u00edas<\/strong><\/p>\n<hr>\n<p style=\"text-align: center;\"><a href=\"\/blog\/#Notifagro\">Notifagro<\/a>&nbsp;|&nbsp;<a href=\"\/blog\/#ComerNac\">Comercio Agr\u00edcola Nacional<\/a>&nbsp;|&nbsp;<a href=\"\/blog\/#Comerinter\">Comercio Agr\u00edcola Internacional<\/a>&nbsp;|&nbsp;<a href=\"\/blog\/#Innovacion\">Innovaci\u00f3n&nbsp; &nbsp;Agr\u00edcola<\/a>&nbsp;|&nbsp;<a href=\"\/blog\/#Notiagro\">Agronoticias<\/a><\/p>\n<hr>\n<p><img loading=\"lazy\" decoding=\"async\" src=\"http:\/\/blogdefagro.com\/wp-content\/uploads\/2018\/04\/AGRO.jpg\" sizes=\"auto, (max-width: 709px) 100vw, 709px\" srcset=\"http:\/\/blogdefagro.com\/wp-content\/uploads\/2018\/04\/AGRO.jpg 709w, http:\/\/blogdefagro.com\/wp-content\/uploads\/2018\/04\/AGRO-300x63.jpg 300w\" alt=\"\" width=\"709\" height=\"148\"><\/p>\n\n\n<p class=\"has-text-align-center has-small-font-size\"><a href=\"https:\/\/agronoblog.com\/\" target=\"_blank\" rel=\"noreferrer noopener\">Agronoblog<\/a><\/p>\n","protected":false},"excerpt":{"rendered":"<p>Notifagro Comercio Agr\u00edcola Nacional Comercio Agr\u00edcola Internacional Innovaci\u00f3n Agr\u00edcola Agronoticias Categor\u00edas Notifagro&nbsp;|&nbsp;Comercio Agr\u00edcola Nacional&nbsp;|&nbsp;Comercio Agr\u00edcola Internacional&nbsp;|&nbsp;Innovaci\u00f3n&nbsp; &nbsp;Agr\u00edcola&nbsp;|&nbsp;Agronoticias Categor\u00edas Notifagro&nbsp;|&nbsp;Comercio Agr\u00edcola Nacional&nbsp;|&nbsp;Comercio Agr\u00edcola Internacional&nbsp;|&nbsp;Innovaci\u00f3n&nbsp; &nbsp;Agr\u00edcola&nbsp;|&nbsp;Agronoticias Categor\u00edas Notifagro&nbsp;|&nbsp;Comercio Agr\u00edcola Nacional&nbsp;|&nbsp;Comercio Agr\u00edcola Internacional&nbsp;|&nbsp;Innovaci\u00f3n&nbsp; &nbsp;Agr\u00edcola&nbsp;|&nbsp;Agronoticias Categor\u00edas Notifagro&nbsp;|&nbsp;Comercio Agr\u00edcola Nacional&nbsp;|&nbsp;Comercio Agr\u00edcola Internacional&nbsp;|&nbsp;Innovaci\u00f3n&nbsp; &nbsp;Agr\u00edcola&nbsp;|&nbsp;Agronoticias Agronoblog<\/p>\n","protected":false},"author":1,"featured_media":0,"parent":0,"menu_order":0,"comment_status":"closed","ping_status":"closed","template":"","meta":{"footnotes":""},"class_list":["post-393","page","type-page","status-publish"],"_links":{"self":[{"href":"https:\/\/fagro.mx\/blog\/wp-json\/wp\/v2\/pages\/393","targetHints":{"allow":["GET"]}}],"collection":[{"href":"https:\/\/fagro.mx\/blog\/wp-json\/wp\/v2\/pages"}],"about":[{"href":"https:\/\/fagro.mx\/blog\/wp-json\/wp\/v2\/types\/page"}],"author":[{"embeddable":true,"href":"https:\/\/fagro.mx\/blog\/wp-json\/wp\/v2\/users\/1"}],"replies":[{"embeddable":true,"href":"https:\/\/fagro.mx\/blog\/wp-json\/wp\/v2\/comments?post=393"}],"version-history":[{"count":0,"href":"https:\/\/fagro.mx\/blog\/wp-json\/wp\/v2\/pages\/393\/revisions"}],"wp:attachment":[{"href":"https:\/\/fagro.mx\/blog\/wp-json\/wp\/v2\/media?parent=393"}],"curies":[{"name":"wp","href":"https:\/\/api.w.org\/{rel}","templated":true}]}}